 -82ed?
-82ec
In base 5, what is 200 - -313324?
314024
In base 13, what is 3891 + a?
389b
In base 10, what is 35 + -4643?
-4608
In base 7, what is 64033031 - 0?
64033031
In base 4, what is -11 - 12223102?
-12223113
In base 4, what is -22 - -20023?
20001
In base 12, what is 5 - 476?
-471
In base 6, what is -32030 - 10?
-32040
In base 7, what is 414006 - -4?
414013
In base 10, what is -44 - 1035?
-1079
In base 16, what is -2 - 24b2?
-24b4
In base 5, what is 11 + 10313?
10324
In base 7, what is 635635 + -6?
635626
In base 5, what is -1231434 + -240?
-1232224
In base 11, what is -30 - -1301?
1281
In base 9, what is -25053 - -1?
-25052
In base 4, what is -1 + 101012013?
101012012
In base 13, what is -3c58 + 6a?
-3bbb
In base 4, what is -11 + 2002?
1331
In base 8, what is 155443 + -24?
155417
In base 10, what is -419 - 920?
-1339
In base 15, what is -38 + -102?
-13a
In base 15, what is 1265b - 9?
12652
In base 5, what is 232 + 23442?
24224
In base 10, what is -5 - -430372?
430367
In base 4, what is -3101020 - -3?
-3101011
In base 15, what is -6334 + 4?
-6330
In base 2, what is -101000111001 - -110110?
-101000000011
In base 15, what is 504e1 - 4?
504dc
In base 8, what is 1554 - -32?
1606
In base 7, what is 30 + -2440?
-2410
In base 9, what is -50870 - -5?
-50864
In base 9, what is 17378 - 17?
17361
In base 3, what is -1220 + 221010212?
221001222
In base 15, what is -50e5 + 26?
-50be
In base 11, what is -2 + -81a1?
-81a3
In base 9, what is 8 - 71878?
-71870
In base 16, what is 0 + 6a2ac?
6a2ac
In base 7, what is -206332 - 22?
-206354
In base 7, what is -401 + -2466?
-3200
In base 15, what is 7 - -6973?
697a
In base 7, what is -2 - -1040260?
1040255
In base 6, what is 11304544 + 4?
11304552
In base 8, what is 3 + 3157?
3162
In base 3, what is -12 - -100112221221?
100112221202
In base 5, what is 232413233 - -1?
232413234
In base 7, what is 100446 + -535?
66611
In base 3, what is 1211002022 + -100?
1211001222
In base 2, what is 110110100101 + -11?
110110100010
In base 6, what is 1344 + -155?
1145
In base 2, what is 1101100001111 + -110000?
1101011011111
In base 9, what is 3 - 4420?
-4416
In base 9, what is 1123 + -105?
1017
In base 15, what is 14103 + 10?
14113
In base 10, what is -381720 + 1?
-381719
In base 9, what is 4 + 74253?
74257
In base 4, what is 21323 + 311?
22300
In base 10, what is 3 - -116?
119
In base 6, what is 10 - 1002?
-552
In base 6, what is -353202 - -1?
-353201
In base 2, what is 1 + 1001000010010110?
1001000010010111
In base 3, what is 11210002 - -102?
11210111
In base 7, what is -1055 + 4003?
2615
In base 12, what is -100 + 13b?
3b
In base 15, what is -2aa + 96?
-214
In base 8, what is 467032 - -5?
467037
In base 5, what is 40 - -112302?
112342
In base 7, what is 44620 + 4?
44624
In base 6, what is 5 - -1521410?
1521415
In base 16, what is -39 - -382?
349
In base 2, what is -10110110001101 - -1?
-10110110001100
In base 4, what is -22120023 - 11?
-22120100
In base 11, what is 4a2967 + 3?
4a296a
In base 16, what is -3 + 357e?
357b
In base 16, what is -1b5e + 2?
-1b5c
In base 12, what is 151 - -279?
40a
In base 9, what is -2758 + 13?
-2745
In base 2, what is -111010100 + 100000010?
-11010010
In base 14, what is -1 + 6d07?
6d06
In base 14, what is -71c6 + 4?
-71c2
In base 6, what is -5 + -151240?
-151245
In base 7, what is -101223 + 32?
-101161
In base 5, what is 131314214 - 2?
131314212
In base 15, what is -a + 20b8?
20ad
In base 11, what is -9a17 - a9?
-a015
In base 7, what is 314 + -521?
-204
In base 15, what is -19ab - 15?
-19c1
In base 15, what is 4 - 135273?
-13526e
In base 12, what is -5 + 826?
821
In base 10, what is -39 + 3331?
3292
In base 11, what is 180a0 - 4?
18097
In base 10, what is -3 - 30232?
-30235
In base 9, what is -3332 + 13?
-3318
In base 13, what is 1363 + 0?
1363
In base 6, what is 11 - -1012225?
1012240
In base 13, what is -1367 + 1?
-1366
In base 5, what is -412444 + 4?
-412440
In base 7, what is -54 + 3512?
3425
In base 12, what is 11b6 + -6ba?
6b8
In base 13, what is -13 - 49970?
-49983
In base 11, what is 26a953 + 5?
26a958
In base 9, what is 186 + -1071?
-774
In base 7, what is 1006521 - 4?
1006514
In base 7, what is 14 + 555?
602
In base 5, what is 3 - -112040?
112043
In base 13, what is 9c9c - -26?
9cc5
In base 4, what is 3020301 + -1222?
3013013
In base 12, what is 73514 - 3?
73511
In base 15, what is -1 + -80c?
-80d
In base 11, what is 26 - -828?
853
In base 11, what is 4 - -16227?
16230
In base 10, what is -1049 + -24?
-1073
In base 14, what is 1ab + -2?
1a9
In base 8, what is -4406466 + 3?
-4406463
In base 14, what is 86b34 + 14?
86b48
In base 9, what is -60 + -253?
-323
In base 3, what is -2010211 + -12?
-2011000
In base 2, what is -10000010 - -1011000110111?
1010110110101
In base 13, what is 35 - -2745?
277a
In base 10, what is 7315 + 88?
7403
In base 14, what is 1407 + 0?
1407
In base 5, what is 13224 + -113?
13111
In base 2, what is 1000 + -11000010111000000?
-11000010110111000
In base 3, what is -121002 - 2102212?
-10000221
In base 15, what is -6c + -3b7?
-434
In base 15, what is 3 - 18003?
-18000
In base 16, what is -2 - -2d70?
2d6e
In base 7, what is 5401626 - -4?
5401633
In base 13, what is -2 + 160b2?
160b0
In base 13, what is -14734a + -1?
-14734b
In base 2, what is -1000100 + 10101110011101?
10101101011001
In base 10, what is 419 + 3218?
3637
In base 13, what is -692 - -52?
-640
In base 12, what is 3 + 2891?
2894
In base 8, what is 212 - 1155?
-743
In base 9, what is 347 + -31878?
-31531
In base 10, what is -32694 + 4?
-32690
In base 9, what is 5 + -33726?
-33721
In base 9, what is -14457 + -21?
-14478
In base 3, what is -200 - -100200000?
100122100
In base 8, what is 146 - -143?
311
In base 12, what is 128 - -1a70?
1b98
In base 12, what is -b9 + -2750?
-2849
In base 11, what is -10 + -913?
-923
In base 16, what is 6eab + -6?
6ea5
In base 3, what is -10 - -2020222100?
2020222020
In base 14, what is -1004 + -1a?
-1020
In base 7, what is -5 - 1514662?
-1515000
In base 3, what is -102020121 - -1222?
-102011122
In base 8, what is 6070676 - -2?
6070700
In base 7, what is -256 + 2651?
2362
In base 10, what is 33 + 4294?
4327
In base 4, what is -23 - -20132012?
20131323
In base 4, what is 23302 + -11113?
12123
In base 9, what is -26 - 214343?
-214370
In base 3, what is -20211 - 201122?
-222110
In base 11, what is -81 - 366?
-437
In base 15, what is 51cc + -70?
515c
In base 12, what is 25b7 - 47?
2570
In base 3, what is 101020110 + -102200?
100210210
In base 9, what is 14 + 10880?
11004
In base 10, what is -3 - -127105?
127102
In base 5, what is 420401333 + 1?
420401334
In base 4, what is 102020232 - 3?
102020223
In base 10, what is 21 + -20727?
-20706
In base 6, what is 4333224 + 5?
4333233
In base 10, what is -1610 + 628?
-982
In base 16, what is 4 + 2d4f?
2d53
In base 6, what is -205513 + -23?
-205540
In base 8, what is -2462 - -5?
-2455
In base 5, what is -13003014 + 3?
-13003011
In base 2, what is 10000110 + 1101000011011?
1101010100001
In base 9, what is -13 - 11687?
-11711
In base 2, what is 1000010100000 - 10101?
1000010001011
In base 10, what is -2269024 - 3?
-2269027
In base 2, what is 101001111110011 - -10000101?
101010001111000
In base 12, what is -4 + 38b50?
38b48
In base 2, what is -10011011 + 110111111?
100100100
In base 6, what is -1435000 + 3?
-1434553
In base 15, what is -2b1 - -235?
-7b
In base 10, what is 12554 - 75?
12479
In base 13, what is 1 - 18c92?
-18c91
In base 2, what is 100 + -1001110001100110000?
-1001110001100101100
In base 6, what is -32 + 4241?
4205
In base 14, what is 7c7 - 7?
7c0
In base 15, what is 7d + 555?
5d3
In base 15, what is 21 - -6c9?
6ea
In base 3, what is -101112 - 2111?
-111000
In base 8, what is 1035 + 620?
1655
In base 3, what is 202222 - 10012220?
-2102221
In base 10, what is -13 + -180?
-193
In base 11, what is 4a9380 + 5?
4a9385
In base 10, what is -139 + -1675?
-1814
In base 5, what is 10 - -12413043?
12413103
In base 12, what is 391534 - -3?
391537
In base 10, what is 5 + 68175?
68180
In base 7, what is -11256 + 60?
-11166
In base 12, what is 727 - -7?
732
In base 5, what is 223 - -12124?
12402
In base 10, what is -25287 + 12?
-25275
In base 6, what is -43243 - 3?
-43250
In base 16, what is -12f + 307?
1d8
In base 4, what is 3 - -12112130?